37 a prime number?
True
Is 2122055731 prime?
True
Is 2922173027 composite?
True
Is 51358162679 a composite number?
False
Is 3029889661 composite?
False
Is 96512189063 a composite number?
False
Is 481650049 a prime number?
False
Is 390441265 prime?
False
Is 217654341413 prime?
True
Is 18841011281 prime?
True
Is 4260981773 a prime number?
False
Is 126544797383 a composite number?
True
Is 12120062237 composite?
False
Is 108134443 a prime number?
False
Is 196004697337 composite?
True
Is 556784203 a prime number?
False
Is 81291619723 a prime number?
True
Is 6466080059 a prime number?
True
Is 310047653 a prime number?
False
Is 2676955499 prime?
True
Is 194369893 a prime number?
True
Is 44828188241 composite?
False
Is 25510872983 a composite number?
False
Is 50133322258 composite?
True
Is 374866747 a composite number?
True
Is 9962432357 a prime number?
False
Is 60872224541 prime?
True
Is 5511614349 a composite number?
True
Is 1217005957 a prime number?
True
Is 1486845671 a prime number?
True
Is 106476082837 composite?
True
Is 62430924229 a composite number?
True
Is 407891621 a prime number?
False
Is 424093413 prime?
False
Is 2278669339 a composite number?
False
Is 423418273 a composite number?
False
Is 4197785321 a prime number?
True
Is 13430980573 prime?
True
Is 25076504149 composite?
True
Is 255538957 a composite number?
False
Is 779621911 composite?
False
Is 3322359877 composite?
False
Is 7269651643 a composite number?
True
Is 24580185779 a composite number?
False
Is 37934741821 composite?
True
Is 8120403679 composite?
False
Is 897567703 composite?
True
Is 843785143 a prime number?
True
Is 15330159313 composite?
True
Is 3274706803 prime?
True
Is 1680149973 a prime number?
False
Is 56317371767 a prime number?
True
Is 12807456257 prime?
False
Is 545930085979 prime?
True
Is 9544523513 a prime number?
False
Is 666002671 a prime number?
True
Is 6764915879 composite?
False
Is 81870493 a prime number?
True
Is 8508936697 prime?
False
Is 6414656791 prime?
False
Is 5413271113 a composite number?
False
Is 114607056931 composite?
False
Is 258840161 a prime number?
True
Is 4229575463 a composite number?
False
Is 38000419367 a prime number?
False
Is 8581221095 composite?
True
Is 638306449 composite?
True
Is 25052042 a composite number?
True
Is 112138959 a composite number?
True
Is 370594051 prime?
False
Is 9375704627 composite?
True
Is 3816378227 a composite number?
True
Is 106303809379 a prime number?
False
Is 279042469 a composite number?
False
Is 8564732573 a prime number?
False
Is 46270327 a composite number?
False
Is 63532452923 a composite number?
False
Is 712635487 prime?
True
Is 16918987453 prime?
True
Is 463785181 prime?
True
Is 14154241289 a prime number?
False
Is 29714046962 prime?
False
Is 1144661209 a composite number?
False
Is 5294082263 a prime number?
True
Is 1244800763 prime?
False
Is 1715986169 composite?
False
Is 968172011 composite?
False
Is 11095128727 composite?
True
Is 326797969 prime?
False
Is 12014955847 prime?
True
Is 1085415951 a composite number?
True
Is 1109814017 prime?
False
Is 22825807509 prime?
False
Is 13354477589 composite?
True
Is 5252651711 a composite number?
False
Is 26734066747 a prime number?
True
Is 8576447357 a prime number?
True
Is 449400131 prime?
True
Is 396328057 a prime number?
True
Is 10588914883 composite?
True
Is 6564874137 prime?
False
Is 18392805143 a composite number?
True
Is 5123074451 prime?
False
Is 13892492494 prime?
False
Is 5461128821 a composite number?
False
Is 12409554439 a composite number?
False
Is 908163353 composite?
False
Is 1032696811 composite?
False
Is 8132479547 a composite number?
False
Is 704649949 prime?
False
Is 1458573563 a prime number?
False
Is 32429939299 a composite number?
False
Is 4313813327 composite?
False
Is 1971030239 composite?
False
Is 411546901 composite?
False
Is 12325489321 a composite number?
True
Is 10626152381 a composite number?
True
Is 80367556037 a composite number?
False
Is 232150991 prime?
True
Is 980656091 a composite number?
False
Is 238835399 prime?
False
Is 33748529 prime?
False
Is 1945638295 prime?
False
Is 1216346321 prime?
True
Is 2337558521 a prime number?
True
Is 21532826117 a prime number?
False
Is 2867807441 composite?
False
Is 879665379 a prime number?
False
Is 19491932231 composite?
True
Is 71341369 prime?
False
Is 51831640909 prime?
False
Is 6323437169 prime?
False
Is 4023451417 a prime number?
True
Is 73279343 a composite number?
False
Is 7808855237 composite?
False
Is 57104149 a prime number?
False
Is 4199441803 a composite number?
True
Is 135662101 composite?
False
Is 731076743 composite?
False
Is 6575617703 prime?
True
Is 261780293 a prime number?
True
Is 29733486331 a prime number?
True
Is 9058434811 a prime number?
True
Is 9944935471 composite?
False
Is 16726686595 a composite number?
True
Is 973102813 a prime number?
True
Is 3637294291 a prime number?
False
Is 992610163 a composite number?
True
Is 635913401 a prime number?
True
Is 1098873443 composite?
False
Is 14244391 a prime number?
False
Is 5206787899 a prime number?
True
Is 25206017269 prime?
False
Is 7945079939 prime?
True
Is 1629794509 prime?
False
Is 3180405257 a composite number?
True
Is 21592895267 a prime number?
True
Is 5379879067 composite?
True
Is 225473519 composite?
True
Is 43783362265 prime?
False
Is 1161815617 a composite number?
False
Is 37767318607 composite?
True
Is 140105781157 a composite number?
True
Is 694705827 composite?
True
Is 546259947 composite?
True
Is 55237992181 a prime number?
True
Is 363479383 composite?
False
Is 3214734373 a composite number?
False
Is 251657551 a composite number?
False
Is 5395152931 prime?
False
Is 149635592495 a prime number?
False
Is 1337058179 a prime number?
False
Is 3437033087 a prime number?
True
Is 794901769 a prime number?
True
Is 36253122383 a composite number?
False
Is 405604357 prime?
False
Is 22765144397 a prime number?
False
Is 6690376949 a composite number?
False
Is 1944538789 a composite number?
True
Is 3982624193 composite?
False
Is 4135904557 a prime number?
True
Is 50950301 a composite number?
False
Is 35644214667 prime?
False
Is 7094807063 a prime number?
True
Is 58323092593 prime?
True
Is 1880407513 prime?
False
Is 5058343 a prime number?
False
Is 20686538711 composite?
False
Is 18612117467 a prime number?
True
Is 1076560351 a composite number?
False
Is 99461749 a composite number?
False
Is 5494158229 composite?
True
Is 823049489 prime?
True
Is 270280072471 prime?
False
Is 3144598697 a prime number?
False
Is 4468126217 a prime number?
False
Is 3252055091 prime?
False
Is 542833349 composite?
False
Is 431590529 a prime number?
False
Is 493686299 a prime number?
True
Is 22425578891 prime?
True
Is 60724823681 prime?
True
Is 9792483863 a prime number?
True
Is 5893981831 a prime number?
True
Is 75115882651 composite?
False
Is 13019447153 a composite number?
False
Is 514188211 prime?
True
Is 8729026139 a prime number?
False
Is 1608742717 a composite number?
False
Is 1563114233 composite?
False
Is 3370107071 a composite number?
False
Is 68266397 prime?
True
Is 24207522179 prime?
True
Is 916341511 prime?
False
Is 7048844533 composite?
False
Is 38724269 a composite number?
False
Is 41655619363 a prime number?
False
Is 3592628909 composite?
True
Is 33759749957 a composite number?
False
Is 5785286567 a composite number?
False
Is 11860795379 composite?
False
Is 905129917 prime?
True
Is 2406748349 a prime number?
True
Is 7449093247 composite?
False
Is 2874414049 a prime number?
False
Is 5847908953 a prime number?
False
Is 2633019739 composite?
True
Is 43248095557 a prime number?
False
Is 501816781 a prime number?
True
Is 596128007 prime?
False
Is 16127960623 composite?
False
Is 30818069077 prime?
False
Is 3282764063 composite?
False
Is 8292905207 a composite number?
False
Is 50165126758 a prime number?
False
Is 6564698183 a prime number?
False
Is 768618751 composite?
False
Is 13397886913 a composite number?
True
Is 38291543167 a prime number?
False
Is 1283661427 composite?
True
Is 123520369627 prime?
False
Is 22605073871 prime?
False
Is 814240051 composite?
False
Is 4707789347 composite?
True
Is 4244303471 composite?
True
Is 2903658163 composite?
True
Is 4852007063 composite?
False
Is 33537119669 a prime number?
True
Is 8619209